{"id":511,"date":"2024-01-03T10:03:17","date_gmt":"2024-01-03T09:03:17","guid":{"rendered":"https:\/\/teatrodellasignoria.it\/?page_id=511"},"modified":"2024-03-28T16:58:07","modified_gmt":"2024-03-28T15:58:07","slug":"trasparenza","status":"publish","type":"page","link":"https:\/\/teatrodellasignoria.it\/index.php\/trasparenza\/","title":{"rendered":"Trasparenza"},"content":{"rendered":"<div class=\"fusion-fullwidth fullwidth-box fusion-builder-row-1 fusion-flex-container has-pattern-background has-mask-background nonhundred-percent-fullwidth non-hundred-percent-height-scrolling\" style=\"--awb-border-radius-top-left:0px;--awb-border-radius-top-right:0px;--awb-border-radius-bottom-right:0px;--awb-border-radius-bottom-left:0px;--awb-flex-wrap:wrap;\" ><div class=\"fusion-builder-row fusion-row fusion-flex-align-items-flex-start fusion-flex-content-wrap\" style=\"max-width:1248px;margin-left: calc(-4% \/ 2 );margin-right: calc(-4% \/ 2 );\"><div class=\"fusion-layout-column fusion_builder_column fusion-builder-column-0 fusion_builder_column_1_1 1_1 fusion-flex-column\" style=\"--awb-bg-size:cover;--awb-width-large:100%;--awb-margin-top-large:0px;--awb-spacing-right-large:1.92%;--awb-margin-bottom-large:20px;--awb-spacing-left-large:1.92%;--awb-width-medium:100%;--awb-order-medium:0;--awb-spacing-right-medium:1.92%;--awb-spacing-left-medium:1.92%;--awb-width-small:100%;--awb-order-small:0;--awb-spacing-right-small:1.92%;--awb-spacing-left-small:1.92%;\"><div class=\"fusion-column-wrapper fusion-column-has-shadow fusion-flex-justify-content-flex-start fusion-content-layout-column\"><div class=\"fusion-text fusion-text-1\"><h3>PRIVACY DEL SITO<\/h3>\n<p><strong>PRIVACY POLICY DEL SITO<\/strong><\/p>\n<p>Informativa ai sensi dell\u2019art. 13 D. Lgs. 196\/2003 e art. 13 Reg. UE 2016\/679 (agg. maggio 2018) In questa pagina si descrivono le modalit\u00e0 di gestione del sito in riferimento al trattamento dei dati personali degli utenti che lo consultano.<br \/>\nL\u2019informativa \u00e8 resa solo per il presente sito e non anche per altri siti web eventualmente consultati dall\u2019utente tramite link.<\/p>\n<p><strong>IL \u201cTITOLARE\u201d DEL TRATTAMENTO<\/strong><br \/>\nA seguito della consultazione di questo sito possono essere trattati dati relativi a persone identificate o identificabili. Titolare del trattamento \u00e8: Joe Guglielmo.<\/p>\n<p><strong>TIPI DI DATI TRATTATI \u2013 DATI IN NAVIGAZIONE<\/strong><br \/>\nI sistemi informatici e le procedure software preposte al funzionamento di questo sito web acquisiscono, nel corso del loro normale esercizio, alcuni dati personali la cui trasmissione \u00e8 implicita nell\u2019uso dei protocolli di comunicazione di Internet. Si tratta di informazioni che non sono raccolte per essere associate a interessati identificati, ma che per loro stessa natura potrebbero, attraverso elaborazioni ed associazioni con dati detenuti da terzi, permettere di identificare gli utenti.<br \/>\nQuesti dati vengono utilizzati al solo fine di ricavare informazioni statistiche anonime sull\u2019uso del sito e per controllarne il corretto funzionamento. I dati potrebbero essere utilizzati per l\u2019accertamento di responsabilit\u00e0 solo in caso di ipotetici reati informatici ai danni del sito e solo in tal caso potranno attivarsi specifiche procedure volte alla identificazione dell\u2019autore.<\/p>\n<p><strong>La BASE GIURIDICA DEL TRATTAMENTO<\/strong><br \/>\ndi questi dati \u00e8 costituita dal legittimo interesse dei titolari costituito dalla tutela della sicurezza dei dati e buon funzionamento del sito.<\/p>\n<p><strong>MODALITA\u2019 ED INCARICATI DEL TRATTAMENTO<\/strong><\/p>\n<p>I dati personali sono trattati con strumenti automatizzati per il tempostrettamente necessario a conseguire gli scopi per cui sono stati raccolti. I trattamenti ai servizi web di questo sito sono curati da personale incaricato dal Titolare diversamente da soggetti esterni, nominati responsabili, incaricati della gestione tecnica e manutenzione del sito e dei relativi sistemi informatici. Specifiche misure di sicurezza sono osservate per prevenire la perdita dei dati, usi illeciti o non corretti ed accessi non autorizzati.<\/p>\n<p><b>Nessun dato derivante dal servizio web viene diffuso<\/b><\/p>\n<p>I dati personali forniti dagli utenti che inoltrano richieste di invio di materiale informativo (newsletter, risposte a quesiti, ecc.) sono utilizzati al solo fine di eseguire il servizio o la prestazione richiesta e sono comunicati a terzi nel solo caso in cui ci\u00f2 sia a tal fine necessario.<\/p>\n<p><strong>CONFERIMENTO DEI DATI<\/strong><\/p>\n<p>A parte quanto specificato per i dati di navigazione, l\u2019utente \u00e8 libero di fornire i dati personali richiesti nel corso della navigazione per sollecitare l\u2019invio di materiale informativo o di altre comunicazioni Il loro mancato conferimento pu\u00f2 comportare l\u2019impossibilit\u00e0 di ottenere quanto richiesto.<\/p>\n<p><strong>DATI FORNITI VOLONTARIAMENTE DALL\u2019UTENTE<\/strong><br \/>\nQuando l\u2019utente visita una parte del Sito che richiede la raccolta di dati personali gli viene riproposto un link al presente documento informativo e, se necessario, gli viene richiesto un consenso. L\u2019invio facoltativo, esplicito e volontario di posta elettronica agli indirizzi indicati su questo sito comporta la successiva acquisizione dell\u2019indirizzo del mittente, necessario per rispondere alle richieste, nonch\u00e9 degli eventuali altri dati personali inseriti nella missiva che, salvo diverse esigenze debitamente comunicate, verranno conservati per il tempo necessario a soddisfare le richieste Di seguito sono rese disponibili specifiche informative riferite alle pagine del sito predisposte per particolari servizi a richiesta o tramite le quali sia possibile acquisire ulteriori dati personali.<\/p>\n<p><strong>ACQUISTA ON LINE da inserire una volta attiva la programmazione<\/strong><br \/>\nAllo scopo di offrire il miglior servizio con i pi\u00f9 alti standard di sicurezza la gestione del servizio \u00e8 stata integralmente affidata ad una societ\u00e0 specializzata nel settore, dalla comprovata esperienza ed affidabilit\u00e0, nominata Responsabile ex art. 28 REG. UE 2016\/679. Il link \u201cACQUISTA\u201d, rimanda ad una pagina del sito gestita da tale Societ\u00e0, cui \u00e8 affidata integralmente la procedura di acquisto, maggiori informazioni potranno essere reperite tramite i link presenti a pi\u00e8 di pagina dell\u2019area acquisti. Una volta perfezionato l\u2019acquisto, i dati potranno essere trattati da addetti all\u2019amministrazione, addetti alla biglietteria o altro personale incaricato dal Titolare per registrare la prenotazione, adempiere agli obblighi contrattuali e di natura contabile e fiscale, offrire al pubblico la dovuta assistenza e garantire la sicurezza delle persone e delle strutture con una efficacie azione di controllo accessi.<\/p>\n<p><strong>TRATTAMENTI CONSEGUENTI AD UNA RICHIESTA DI CONTATTO O<\/strong><br \/>\n<strong>REGISTRAZIONE<\/strong><\/p>\n<p>I dati personali conferiti spontaneamente dell\u2019interessato tramite l\u2019area contatti:<br \/>\n1- sono trattati con strumenti prevalentemente automatizzati per:<br \/>\na) assicurare una risposta certa e tempestiva e soddisfare le richieste dell\u2019interessato stesso;<br \/>\nb) adempiere ad obblighi derivanti da leggi, norme e regolamenti comunitari, e adempimento a disposizioni impartite dall\u2019Autorit\u00e0 Giudiziaria;<br \/>\nc) alimentare il sistema di acquisizione delle conoscenze del pubblico, necessarie alla verifica, al miglioramento e quindi alla progettazione di un servizio sempre pi\u00f9 adeguato alla domanda ed ai vincoli ambientali;<br \/>\nd) i recapiti, gli indirizzi di posta elettronica forniti potranno essere utilizzati per l\u2019invio di comunicazioni di cortesia e\/o di materiale informativo\/offerte relative ai servizi erogati. Resta inteso che l\u2019interessato ha facolt\u00e0 di opporsi in ogni momento al presente trattamento. Con il consenso dell\u2019interessato potranno essere utilizzati a tal fine anche gli altri recapiti, anche per invii tramite sms o altre piattaforme di comunicazione quali whatsapp.<br \/>\n2- potranno essere trattati da addetti alla comunicazione e marketing, personale addetto alla manutenzione dei sistemi informatici che ha il compito di garantire la funzionalit\u00e0 dei sistemi, la sicurezza dei dati e le operazioni di backup, altro personale dipendente nei limiti degli incarichi ricevuti e di quanto previsto dalle procedure aziendali ed altri soggetti che forniscono servizi per finalit\u00e0 ausiliare al soddisfacimento delle richieste dell\u2019interessato, nei limiti strettamente necessari per svolgere i propri compiti.<br \/>\n3- potranno essere comunicati o resi disponibili:<br \/>\na) a soggetti che possono accedere ai dati in forza di disposizione di legge, di<br \/>\nregolamento o di normativa comunitaria, nei limiti previsti da tali norme;<br \/>\nb) ad altri soggetti che forniscono servizi per finalit\u00e0 connesse al soddisfacimento delle richieste dell\u2019interessato, nei limiti strettamente necessari per svolgere i propri compiti. Nella compilazione dei form vengono indicati i campi la cui redazione \u00e8 facoltativa, in assenza dei dati richiesti obbligatoriamente non sar\u00e0 possibile soddisfare le richieste dell\u2019interessato.<br \/>\nSi ricorda che la normativa prevede specifiche cautele per categorie particolari di dati (quali: dati personali che rivelino l\u2019origine razziale o etnica, le opinioni politiche, le convinzioni religiose o filosofiche, o l\u2019appartenenza sindacale, nonch\u00e9 trattare dati genetici, dati biometrici intesi a identificare in modo univoco una persona fisica, dati relativi alla salute o alla vita sessuale o all\u2019orientamento sessuale della persona) a tal proposito si invita l\u2019utente a non inserire nella prima richiesta di contatto informazioni rientranti in queste categorie considerando che, in assenza di uno specifico consenso, potrebbe risultare impossibile dare corso alle richieste dell\u2019interessato stesso.<br \/>\nI dati comunicati, salvo diverse esigenze debitamente comunicate, verranno conservati per il tempo necessario a soddisfare le richieste dell\u2019interessato. Ove la comunicazione fosse correlata a rapporti di natura contrattuale o economica con il Teatro (ad esempio in caso di donazioni, abbonamenti, acquisto biglietti, etc.) i dati verranno conservati, se ad essi pertinenti, per la durata del rapporto, cessato il quale la conservazione verr\u00e0 proseguita solo se prevista da norme di legge ed in ottemperanza alla normativa sulla conservazione della documentazione amministrativa.<\/p>\n<p><strong>ISCRIZIONE ALLA NEWSLETTER<\/strong><\/p>\n<p>I dati personali conferiti spontaneamente dell\u2019interessato iscrivendosi alla Newsletter:<br \/>\n&#8211; sono trattati con strumenti prevalentemente automatizzati al solo scopo di soddisfare le richieste dell\u2019interessato stesso, che ha facolt\u00e0 di interrompere in qualsiasi momento il suddetto trattamento.<br \/>\n&#8211; potranno essere trattati da addetti alla comunicazione e marketing, personale addetto alla manutenzione dei sistemi informatici che ha il compito di garantire la funzionalit\u00e0 dei sistemi, la sicurezza dei dati e le operazioni di backup, altro personale dipendente nei limiti degli incarichi ricevuti e di quanto previsto dalle procedure aziendali ed altri soggetti che forniscono servizi per finalit\u00e0 ausiliare al soddisfacimento delle richieste dell\u2019interessato, nei limiti strettamente necessari per svolgere i propri compiti<br \/>\n&#8211; potranno essere comunicati o resi disponibili:<br \/>\n&gt; a soggetti che possono accedere ai dati in forza di disposizione di legge, di regolamento o di normativa comunitaria, nei limiti previsti da tali norme;<br \/>\n&gt; ad altri soggetti che forniscono servizi per finalit\u00e0 connesse al soddisfacimento delle richieste dell\u2019interessato, nei limiti strettamente necessari per svolgere i propri compiti.<\/p>\n<p><strong>CONSERVAZIONE DEI DATI<\/strong><br \/>\nI dati comunicati, salvo diverse indicazioni dell\u2019interessato debitamente comunicate, verranno conservati per il tempo necessario a soddisfare le richieste dell\u2019interessato ed ottemperare a norme di legge. In caso di registrazione ad alcune sezioni del sito i dati saranno conservati fino all\u2019annullamento della stessa, cessata la quale la conservazione verr\u00e0 proseguita solo se prevista da norme di legge e in conformit\u00e0 alle norme sulla conservazione della documentazione amministrativa.<br \/>\nI recapiti trattati per l\u2019invio di comunicazioni di carattere commerciale saranno conservati sino a 12 mesi successivi all\u2019ultimo invio o sino alla revoca del consenso da parte dell\u2019interessato.<\/p>\n<p><strong>DIRITTI DEGLI INTERESSATI<\/strong><br \/>\nL\u2019interessato ha il diritto:<br \/>\n&#8211; di chiedere al titolare del trattamento l\u2019accesso ai dati personali e la rettifica o la cancellazione degli stessi o la limitazione del trattamento dei dati personali che lo riguardano e di opporsi al loro trattamento;<br \/>\n&#8211; se il trattamento \u00e8 effettuato con mezzi automatizzati (informatici) e sulla base del proprio consenso, di ricevere in un formato strutturato, di uso comune e leggibile da dispositivo automatico, i dati personali che lo riguardano e\/o di ottenerne la trasmissione diretta ad altro titolare del trattamento, se tecnicamente fattibile;<br \/>\n&#8211; di revocare il proprio consenso in qualsiasi momento (senza che sia pregiudicata la liceit\u00e0 del trattamento basata sul consenso prima della revoca), ovviamente ci\u00f2 per i trattamenti effettuati sulla base di tale presupposto;<br \/>\n&#8211; di proporre reclamo a un\u2019autorit\u00e0 di controllo: Garante per la protezione dei dati personali \u2013 Piazza di Monte Citorio n. 121 00186 ROMA \u2013 Fax: (+39) 06.69677.3785<\/p>\n<p>\u2013 Centralino telefonico: (+39) 06.696771 \u2013 E-mail: garante@gpdp.it \u2013 posta<br \/>\ncertificata protocollo@pec.gpdp.it<br \/>\nLe richieste vanno rivolte a Teatro della Signoria attraverso i recapiti:<br \/>\nteatro@teatrodellasignoria.it<br \/>\njoe@teatrodellasignoria.it<br \/>\nsopra indicati tenendo presente che non sar\u00e0 possibile rispondere a richieste pervenute telefonicamente ove non vi sia certezza circa l\u2019identit\u00e0 del richiedente.<\/p>\n<p><strong>VALIDIT\u00c0 LEGALE<\/strong><br \/>\nPer la corretta interpretazione ai fini legali fa fede il testo in italiano.<\/p>\n<\/div><\/div><\/div><\/div><\/div>\n","protected":false},"excerpt":{"rendered":"","protected":false},"author":1,"featured_media":0,"parent":0,"menu_order":0,"comment_status":"closed","ping_status":"closed","template":"100-width.php","meta":{"footnotes":""},"class_list":["post-511","page","type-page","status-publish","hentry"],"jetpack_sharing_enabled":true,"_links":{"self":[{"href":"https:\/\/teatrodellasignoria.it\/index.php\/wp-json\/wp\/v2\/pages\/511","targetHints":{"allow":["GET"]}}],"collection":[{"href":"https:\/\/teatrodellasignoria.it\/index.php\/wp-json\/wp\/v2\/pages"}],"about":[{"href":"https:\/\/teatrodellasignoria.it\/index.php\/wp-json\/wp\/v2\/types\/page"}],"author":[{"embeddable":true,"href":"https:\/\/teatrodellasignoria.it\/index.php\/wp-json\/wp\/v2\/users\/1"}],"replies":[{"embeddable":true,"href":"https:\/\/teatrodellasignoria.it\/index.php\/wp-json\/wp\/v2\/comments?post=511"}],"version-history":[{"count":3,"href":"https:\/\/teatrodellasignoria.it\/index.php\/wp-json\/wp\/v2\/pages\/511\/revisions"}],"predecessor-version":[{"id":1152,"href":"https:\/\/teatrodellasignoria.it\/index.php\/wp-json\/wp\/v2\/pages\/511\/revisions\/1152"}],"wp:attachment":[{"href":"https:\/\/teatrodellasignoria.it\/index.php\/wp-json\/wp\/v2\/media?parent=511"}],"curies":[{"name":"wp","href":"https:\/\/api.w.org\/{rel}","templated":true}]}}